he remainder when 27 is divided by (301/(-14) - b)*(-8)/10?
7
Suppose -2*b + 12 = 2*b. Suppose -b*x + 55 = -14. Suppose 0 = 116*d - 4938 - 2950. What is the remainder when d is divided by x?
22
Let a = 42503 + -31913. What is the remainder when a is divided by 13?
8
Suppose 5*m + 18*g - 189 = 17*g, m - 49 = -3*g. Suppose 0 = -0*h + h - 19. Calculate the remainder when m is divided by h.
18
Let y be (-1)/10 + 828/(-120) + 9. Let w(f) = 90*f - 121. Let d = 20 + 2. Calculate the remainder when w(y) is divided by d.
15
Suppose 5*v - 744 = -u, -7*v + 1039 = -69*u + 73*u. Calculate the remainder when 453 is divided by v.
6
Let s be (-32)/(-144) + 2/(-9). Suppose s = 2*p - p - 28. Suppose -5*i = -7*i + p. What is the remainder when 39 is divided by i?
11
Suppose 2*r = 3*r. Suppose f - i = 27, 3*i = -r*i. Calculate the remainder when f is divided by 11.
5
Suppose 4*h - 54 = 5*j + 21, 2*j = h - 18. Let a(k) = k**3 + 3*k**2 - k - 1. Let b be a(-4). Let q = b + h. What is the remainder when 25 is divided by q?
4
Let x(s) = -s - 2. Let f be x(-7). Suppose 0 = 3*n + 15, 0 = u - f*u + 2*n + 70. What is the remainder when u is divided by 330/(-24)*328/(-451)?
5
Let i = 7866 - 7727. Calculate the remainder when 1260 is divided by i.
9
Let n(x) = -2*x**2 + 197*x - 2420. What is the remainder when 309 is divided by n(84)?
5
Suppose -v + 5 = -11. Let i(f) = -2*f**2 - 243*f + 663. Calculate the remainder when i(-124) is divided by v.
11
Suppose 28 = 2*u + 8. Let p = -3318 + 4661. Let t = 1392 - p. Calculate the remainder when t is divided by u.
9
Suppose -q + 25 = 4*b, -3*b - 5 = 2*q - 30. What is the remainder when 1904 is divided by q?
4
Let w(b) = -b**3 + 11*b**2 - 9*b - 12. Let r be w(10). Suppose 0*d + 18 = 3*d. What is the remainder when 2/r + 25 - -2 is divided by d?
2
Suppose 7*d - 3*g = 363, -d - 99*g + 41 = -94*g. Suppose -4*c = -34 + 6. Calculate the remainder when d is divided by c.
2
What is the remainder when ((1 - 1) + 8786)*(1750/(-140))/(-25) is divided by 107?
6
Suppose -4*n - 239 = -5*j, 3*j + 271 = -n - 4*n. Let r = -48 - n. Suppose -2*k = 5*c + 7, -2*k = -3*c - r - 9. What is the remainder when 4 is divided by k?
0
Let p(g) = 519*g - 5682. Suppose 2*h - 3*h + 52 = 0. Calculate the remainder when h is divided by p(11).
25
Suppose -4*l = -3*w + 144, 108 = -3*l - 4*w + 8*w. Let a be (l/(-3) + 1)*1. Suppose 8*j + 70 = a*j. What is the remainder when 25 is divided by j?
11
Let d(n) = 14*n + 238. Let x be d(-17). Suppose x*s - 3*s + 107 = 5*t, s - t = 33. What is the remainder when 142 is divided by s?
6
Suppose -66 = -28*n + 17*n. Suppose -5*v + n*v + 23 = c, 5*c = v + 123. Calculate the remainder when 45 is divided by c.
20
Let n(t) = t**3 + 17*t**2 + 2. Let z be n(-17). Let d(u) = 6*u**3 + 3*u**2 + 2*u - 1. Calculate the remainder when d(z) is divided by 13.
11
Suppose -5*h - 1758 = 4*l - 7*h, -2*l - h = 881. Let u = l - -494. Calculate the remainder when 592 is divided by u.
52
Suppose d + 1 = 2*v, -4*d - 2*v = -v + 49. Calculate the remainder when (184/(-16))/((-1)/2) is divided by 24/(-90)*-5*(-2 - d).
11
Let r(h) = -h**3 - 19*h**2 - 18*h + 7. Let g be r(-18). Suppose 0 = -g*c + 3*c - 348. Let s = -16 - c. What is the remainder when s is divided by 18?
17
Suppose -506 = -6*l - 14. Suppose -5*g = 2*u + 173 + l, 3*u - 5*g = -345. What is the remainder when 34 is divided by (3/9)/((-4)/u)?
4
Let v = 8524 - 8394. What is the remainder when 1097 is divided by v?
57
Let c = -1 + 39. Suppose -6*b - 8 = -c. Suppose b*l - 3*a - 182 = -7*a, -4*l - 3*a + 146 = 0. What is the remainder when 113 is divided by l?
37
Suppose 2*r = 14, 6 = 192*k - 191*k - r. What is the remainder when 2495 is divided by k?
12
Let q(n) = -15*n + 12. Let k be q(4). Let l = k - -48. Suppose 11*m + 818 - 2710 = l. Calculate the remainder when m is divided by 35.
32
What is the remainder when (-1)/((-2)/60) + 0 is divided by -2*(6/(-10) + 72/(-30))?
0
Let v(h) = -h**2 - 3*h + 1. Let c(s) = 56*s + 57. Let n(l) = c(l) + 2*v(l). Calculate the remainder when 14 is divided by n(26).
0
Let w(a) = a**3 + 15*a**2 - 12*a + 20. What is the remainder when 291 is divided by w(2)?
35
Let b(d) = 9*d**3 + d**2 - 2*d + 38. Calculate the remainder when b(5) is divided by 59.
57
Suppose 0 = 8*k + 937 - 2961. Suppose -13*j - 45 = -k. What is the remainder when 286 is divided by j?
14
Suppose -24*d + 24*d - 18751 = -17*d. What is the remainder when d is divided by 7?
4
Let l = -208 - -210. Suppose 0 = 2*j - 24 - l. Suppose 3*k = -11 + 155. Calculate the remainder when k is divided by j.
9
Let x = 218 - 109. Suppose 0 = 5*c - x - 61. Calculate the remainder when 237 + 0 + 36/(-18) is divided by c.
31
Let o be -1 + 1 + 1 - 0. Suppose i + 3*z - 147 = 0, 14*i + 5*z = 19*i - 655. What is the remainder when i is divided by 43 + (o - 1) + 3?
43
Suppose 0 = 11*k - 8*k - 9. Suppose r = u - 58, -u - k*r = -0*r - 78. Let i = -16 + 29. What is the remainder when u is divided by i?
11
Let y = 750 + -436. Let r(o) = -o**2 + 146*o - 795. What is the remainder when y is divided by r(6)?
44
Suppose 2*r - 15 = 2*n + r, 2*n + r + 13 = 0. Let q(i) = -7*i - 9. What is the remainder when 75 is divided by q(n)?
35
Let s = 5876 + -5614. Calculate the remainder when s is divided by 40.
22
Calculate the remainder when 729 is divided by 794/16 + (-555)/120 + 5.
29
What is the remainder when (-3987)/(-18) + 4 + (-3 - (-5)/(-10)) is divided by 33?
24
Suppose 115*p = 117*p - 4*a - 214, -2*p = 2*a - 202. Calculate the remainder when p is divided by 20.
3
Suppose -21*y + 896 = -154. Calculate the remainder when 139 is divided by y.
39
Suppose 68*i + 2971 = 25*i + 97700. Calculate the remainder when i is divided by 21.
19
Let y = -190 - -270. Let v = -76 + y. Suppose -5*m - b = -152, -m + v*m = 3*b + 84. What is the remainder when 146 is divided by m?
26
Let s(r) = r + 39. Calculate the remainder when 18/((-306)/1037)*-2*1 is divided by s(0).
5
Let u be (-2542)/(-8) - (-1)/4. Calculate the remainder when (1 - 0)/(-1 - u/(-315)) is divided by 28.
21
Let z = 243 - -45. Calculate the remainder when z is divided by 50.
38
Let z = 24 - 13. Suppose 817 - 40 = 42*u - 21. Calculate the remainder when u is divided by z.
8
Let n = -32849 + 32963. Calculate the remainder when 336 is divided by n.
108
Let n = -18 - -20. Let d be -6 + 2 + n + 4. Suppose d*q = -1 + 121. Calculate the remainder when q is divided by 21.
18
Let g be 4 + -2 + (67 - 0). Suppose q = -2*q + g. Suppose -3*f + 46 + 152 = 0. What is the remainder when f is divided by q?
20
Let a(y) = -y**3 - 2*y**2 - 2*y - 3. Let z be a(-3). Suppose -2*t = -30 + z. Let x = 1960 - 1945. What is the remainder when x is divided by t?
6
Suppose -7*l + 1917 = -16*l. Let a = -199 - l. Calculate the remainder when (-15)/10 - 73/(-2) is divided by a.
7
Suppose -4*h = -8, 0 = -25*u + 21*u + 5*h + 1162. Calculate the remainder when u is divided by 72.
5
Let i(t) = 26*t**3 + 3*t**2 + 2*t - 1. Let d be i(2). Suppose -3*u = 2*j - d, 5*j + 382 = 5*u + 2. Calculate the remainder when u is divided by 30.
15
Let d(w) = 22*w**2 - 3*w + 5. Let k be d(2). Let j = 87 - k. Suppose 4*m + j*m = 52. Calculate the remainder when 19 is divided by m.
6
What is the remainder when 871 is divided by 95/4 + 14 + (-765)/60?
21
Suppose 15*x = 520 + 262 + 1258. Calculate the remainder when 508 is divided by x.
100
Let x = 38811 + -37651. Calculate the remainder when x is divided by 128.
8
Let k(m) = -3*m**2 - 61*m - 4. What is the remainder when 652 is divided by k(-17)?
154
Suppose -15*x + 20384 = 34*x. What is the remainder when x is divided by 27?
11
Suppose 0 = 4*r + 3*n - 324, 8*n + 30 = 2*r - 132. What is the remainder when 233 is divided by r?
71
What is the remainder when 35 + (-8 + 0)/(16/(-16)) is divided by 9?
7
Let r(q) = 16*q**3 - 25*q**2 + 92*q - 11. Calculate the remainder when r(5) is divided by 603.
15
Suppose 0 = 7*o + 137 - 74. Let i = -4 - 16. Let j = o - i. What is the remainder when j is divided by 2?
1
Suppose -423*b - 162*b + 20736 + 9099 = 0. Suppose -5*g + 41 = 4*h - 2*h, -2*h + 2*g + 34 = 0. What is the remainder when b is divided by h?
15
Suppose x + 3*r = -39, 0 = 2*x - 0*r + 3*r + 75. Let u(z) = -59*z + 1. Let j be u(1). What is the remainder when 38 is divided by x/126 + j/(-7)?
6
Suppos